aluate 16 + (18 - 8 - 18).
8
What is the value of (13 - -1) + -10 + (9 - (-17 - -28))?
2
What is the value of -1 + (-278 - -309) + (-17 - 2)?
11
What is -2 + 1 + -2 - (-20 - -28)?
-11
What is 2 - (0 - -1 - -1) - (-118 + 123)?
-5
What is the value of (1 - 0) + (1 - 15 - (97 + -118))?
8
(2 - 9) + (-102 - -112)
3
(-10 - -30) + 11 + -16
15
(79 - 82) + (-2 - 2 - 4)
-11
What is the value of 34 - (-15 + (16 - -9)) - 11?
13
What is the value of -56 - (-12 - 18) - (0 - 6)?
-20
What is the value of -23 + (23 - 39) + 45?
6
-14 + 29 + 0 + -36 - (2 + -3)
-20
Calculate 12 - (-1 + (19 - -1)).
-7
What is the value of (10 + -3 - -10) + -6?
11
What is the value of 11 + -9 + 9 + -9 + -19?
-17
Evaluate (-1 - -8) + (-45 - -51 - 6).
7
-9 - (-10 - ((-1 - -9) + -23 + -7))
-21
What is (6 - 1 - 3) + -6 + -10?
-14
(12 + 9 - 15) + -7 + (2 - 3)
-2
-1 + -3 - (-5 + -7 + 3) - 8
-3
What is 21 - 18 - (1 - -5 - (-2 - -6))?
1
-17 - (-3 - (-3 + 18))
1
What is 20 + (-27 - (5 - 20))?
8
6 - (-47 - -47) - (2 + 2)
2
What is the value of 32 + (4 - -1 - 20)?
17
What is the value of (8 - (17 + -29)) + -4 + 0 + 3?
19
-18 + 0 + 2 - (44 - 29 - 13)
-18
Calculate -10 - (6 + (-36 - -7) + 6).
7
What is -5 - (49 + -4) - -18?
-32
-5 + (-6 - -9) - -38 - (37 + -28)
27
What is -74 - -64 - (-8 - 1) - -13?
12
What is the value of 26 + (-13 - -23) + -13?
23
What is the value of (-12 - -34 - -5) + -41?
-14
What is 3 + 5 + -4 + (2 - 1)?
5
-1 + 0 - (-13 + 22 - (4 + -3))
-9
Evaluate 3 + (-8 + -10 - -11).
-4
What is the value of -1 + -5 - (10 + -3 + (1 - 2))?
-12
Evaluate (4 - 1 - 3) + -10 + 0.
-10
Evaluate -2 - -11 - (9 - 5) - 16.
-11
What is the value of 1 - (-7 + 3 - 4) - 4?
5
Evaluate 5 - (-6 + (10 - ((8 - 6) + 1))).
4
Evaluate 2 + 8 + -17 + -2 + 8.
-1
Calculate -17 - 2 - (152 - 154).
-17
-27 - (4 - 12) - ((-7 - -6) + 2)
-20
Evaluate (-2 - -1) + -22 + 33 + 7 - -2.
19
4 + (-2 - 0) + (-23 - 0) + 13
-8
What is 4 - (-2 - -7) - (3 - -1)?
-5
(-68 - -58) + -2 + 3 + 13 - -9
13
Evaluate 10 + (-5 - (8 + -4) - (-13 - 3)).
17
1 + 0 + -16 - -13
-2
3 - (0 + 13 + -9 - 11)
10
-2 - (7 + -20 + (-5 - -7) + 5)
4
What is the value of 10 + (-8 - 6) + -6?
-10
Calculate -14 + 11 + 7 + 2.
6
Calculate 4 - 7 - (7 + 1 - 23).
12
What is the value of -32 + (65 - (-24 + 39))?
18
What is 93 + -96 - (6 + -1) - -11?
3
What is the value of -4 - (12 + 6 + -21)?
-1
Calculate 10 + (13 + -9 + 5 + 4 - -5).
28
What is 690 + -682 - (-6 + 0 + 1)?
13
What is 10 + (-9 + 37 - 56)?
-18
What is the value of -11 - -12 - (7 - 7)?
1
Evaluate -2 - -17 - -6 - 29.
-8
Evaluate 10 + (-1 - 14) + -18 + 3.
-20
-3 + 0 + 3 + -7 - (-57 + 43)
7
Calculate (-2 + -1 - -1 - 1) + (9 - -22).
28
What is (-1 - 6) + -10 + 6?
-11
What is 12 - (-7 + (2 - (-52 + 8)))?
-27
What is the value of 7 + -7 - (-23 + 31 - (-5 + 0))?
-13
What is 9 + (-7 - -17) - 6?
13
-8 + 0 - (-26 - -19) - 1
-2
What is the value of (1 - -31) + -5 + -6?
21
What is -4 - (-13 + (2 - (3 - (13 - 8))))?
5
What is (-37 - 0) + 28 - (-1 + -2)?
-6
What is (18 - (-20 + (-19 - -29))) + -2?
26
Evaluate 26 - (1 + (-3 - -23)).
5
Evaluate 9 - (12 + 4 - 22).
15
Evaluate (368 - 359) + 1 + -1.
9
What is the value of 4 + -7 + 1 - (-4 + 5 + -6)?
3
400 + -392 - (0 + 19)
-11
Evaluate 13 + 2 + -13 + -4.
-2
What is the value of (1 - 49) + 68 + -44?
-24
Evaluate -1 - ((-17 + 5 - 2) + 2).
11
What is the value of -22 - 14 - -37 - -21?
22
Calculate -12 + -22 + 13 - -10.
-11
(-8 - (3 + -3)) + (2 - (-1 - 3))
-2
What is (-17 - (7 - 8)) + 2 + 4?
-10
13 - (3 + -3 - -38) - -6
-19
What is the value of -23 - -4 - 35 - -1 - -15?
-38
Calculate 2 - ((-5 - (-5 + 1)) + 5 - 10).
8
Evaluate (8 - -3) + (-16 - -4) - (12 - 1).
-12
What is (-290 - -278 - (-21 + -1)) + -1?
9
What is the value of 23 - ((15 - 29) + 12 - -6)?
19
-6 + (5 - ((2 - -5 - -7) + -4))
-11
Evaluate 12 - (-9 + 1 + (-1 - -27)).
-6
What is the value of 1 - (2 + 7) - (62 - (29 - -29))?
-12
What is 23 + -2 + -60 + 36?
-3
Evaluate 104 + -111 - (-4 + -3 + 0).
0
Evaluate 6 + (16 + -2 - 3) + -4 + -5.
8
Evaluate -1979 + 1934 + 0 + 17.
-28
-9 + 0 + 0 - (695 + -701)
-3
Evaluate 5 + (-1 + 6 - (-1 - (1 - 7))).
5
What is the value of -22 + (28 - (45 + -17)) + (5 - 2)?
-19
Calculate -1 - (8 + (-2 + 3 + 3 - 8)).
-5
Evaluate -10 - (-18 + 2 + 4) - 12.
-10
9 + (1 - -1) - (28 - (-1 + 24))
6
What is the value of -5 - (22 - 6 - (4 - -3))?
-14
Evaluate -19 - (-17 - 4 - -15).
-13
Calculate -2 + 32 - (6 + 24).
0
What is 0 + -2 + (1 - 13 - (-52 - -37))?
1
Calculate 41 + -14 - (17 - -4).
6
4 + 13 + 7 + -15 + 14
23
What is the value of -37 + 14 - (-8 + 1)?
-16
What is the value of 40 + -7 + -20 + -18?
-5
Calculate -10 + 4 + 4 + 10.
8
What is the value of (-27 - -39) + (8 - 2)?
18
What is the value of 58 - ((12 - 23) + 2 + 27)?
40
What is the value of 18 + -10 + 25 + -11 + -12?
10
What is the value of 326 + -307 - (-1 - -21)?
-1
Calculate (-1 + 20 - 1) + (-81 + 111 - 34).
14
Evaluate -2 - 2 - 1 - (-69 - -65) - 8.
-9
(-1 - -3) + 5 + 14 + -25
-4
What is -12 - (3 + 11 + (26 - 29))?
-23
What is the value of -25 + 48 + -15 + 1 + 1?
10
Calculate 15 - (10 + (-8 - 3) + -8 + 13).
11
What is the value of -33 + 23 + 4 - (0 - -1)?
-7
10 + (9 - -3) - 17
5
4 - -8 - (1 + 9 - 17) - 2
17
-5 - ((-6 - (-7 + -3)) + -12 + -8)
11
What is 0 - (22 + -37 + -16)?
31
Evaluate -18 + 21 + -16 + 9.
-4
Evaluate -76 - -48 - -53 - 42.
-17
(-4 - 15) + 16 + -14
-17
What is 39 + 2 + -34 + -1 + -31 + 4?
-21
Calculate -11 + (8 - 2) - 10.
-15
Evaluate 5 + 13 + 4 + -3 + -1.
18
What is 5 + (2 + -8 - ((-15 - 2) + 6))?
10
Evaluate 267 - 300 - (-3 + -37).
7
What is 7 - (10 + -6) - (23 - 38)?
18
Calculate 5 - (2 - -1 - 5) - (5 + -13).
15
Calculate (1 + 0 - (-41 + 27)) + (11 - 15).
11
(8 - 18) + -1 - -11
0
What is the value of (-7 - (7 - -1)) + 6?
-9
Calculate -10 + ((-11 - -17) + -9 - (0 - -27)).
-40
Calculate 4 + 0 + (4 - -8) + -13 + 5.
8
(-4 - (-10 + (-13 - -5))) + -5
9
What is 14 + -6 + -1 + -4 + (1 - -4)?
8
Evaluate 12 - ((-13 - -1) + 28).
-4
What is (17 + 0 - (-7 + 11)) + -80 + 83?
16
What is 11 - ((18 - -15) + -30)?
8
11 - (-6 - -18 - -6)
-7
Calculate -6 + -25 + 11 + (2 - (-6 + 4)).
-16
What is (-24 + 10 - -17) + 1 + (-3 - 10)?
-9
What is the value of -23 - 12 - -5 - -19?
-11
Evaluate -266 + 221 - (-1 + -21).
-23
What is the value of 33 + -72 - -24 - (-2 - 19)?
6
-7 + -2 - (25 - 35) - 1 - -9
9
11 - -5 - ((-12 - -19) + 24)
-15
What is -10 + (25 - 11) + 5 + (-15 - -2)?
-4
Calculate -10 + -3 - (-1 + -2 - -5).
-15
What is the value of (-1 - (16 + -7 - 0)) + -5 + -9?
-24
Calculate 53 + -46 + 0 + 0.
7
What is the value of 18 + (-14 - 2) + -8?
-6
Evaluate -6 + 1 + 0 - (18 - (-21 + 31)).
-13
7 - (-16 + 33 - (3 - 10))
-17
(-1 - (2 - -6)) + 1439 + -1428
2
62 - ((-2 - -20) + 16)
28
3 + -3 + (-13 - -34 - 13)
8
What is -3 + 8 + (-9 - (6 + -25 + 8))?
7
What is the value of 3 - ((9 - (4 - -2)) + -5)?
5
Evaluate (-8 - 1) + 195 + -171.
15
18 + (27 - (24 + 1))
20
What is the value of -6 + (3 + 2 - 2) - -9?
6
Calculate (13 - (-7 + -6 - 0)) + -6.
20
(0 - 11) + (332 - 325)
-4
What is the value of 36 - 23 - 14 - -1?
0
Evaluate 69 + -92 + (-6 - -21).
-8
14 + (4 + -3 - (5 + 12 + -15))
13
Evaluate -1 + 10 + 1257 + -1275.
-9
Evaluate 21 - 6 - 15 - 6.
-6
Calculate -20 + 25 + -1 + (0 - 0).
4
What is the value of 24 + (-14 + 9 - 1) + -36?
-18
What is the value of 4 + -10 + 12 + -3 + -5 + -1?
-3
Calculate -9 + 2 + 16 + -12.
-3
Evaluate 16 - (-15 + (12 - 2) + 5).
16
81 + -89 - (-9 + (-3 + -2 - -3))
3
14 + -11 + 18 - (4 + 3)
14
Calculate -959 + 968 - (0 + -20 + 2).
27
1 + 3 - ((7 - 0) + -3 - 3)
3
Calculate (-34 - -9) + 13 + 1.
-11
-17 - (6 + -19 - (-32 + 17))
-19
Evaluate (-77 - -88) + -1 + (2 - 1).
11
Calculate 10 - (12 - (7 + 0 + -1) - 14).
18
What is -4 + 8 + -2 - (0 + -2) - 3?
1
Calculate 3 + (-5 - (-24 - -14)).
8
What is (4 - 10 - -2) + 5 + 0?
1
-7 - (-8 + 0 - 1) - 5
-3
-25 + (7 - (-9 - -23))
-32
Evaluate 2 + -5 + 3 - (4 + -4 + 1).
-1
What is -20 + 1 + 22 + -23?
-20
What is the value of (10 - 1) + -69 + 61 + 8?
9
What is the value of -9 + -4 + 4 + 21?
12
(1 - 8 - -15) + 5 - 18
-5
Evaluate -53 + 15 - -21 - -28.
11
Evaluate 10 + -1 + (5 + -3 - (5 - -2)).
4
Calculate -3 + -4 - (-37 - -43).
-13
What is 16 - 21 - (6 - -4)?
-15
Evaluate 6 + (0 - -29) + -3 + -14.
18
Calculate 2 - 1 - (-157 - -184).
-26
What is -4 - (-14 + (11 + -19 - -12))?
6
Calculate 32 + 5 + (-17 - 10).
1